7810 and h?
130
Suppose 17*q - 9*q = -9*q + 11220. What is the highest common divisor of q and 135?
15
Let r(z) = 43*z**2 + 52*z + 157. Let q be r(-3). What is the highest common divisor of 2134 and q?
194
Suppose -284*y - 2496 = -300*y. Let n = -211 - -259. What is the highest common divisor of y and n?
12
Let u(t) = -t**2 - 19*t + 728. Let l be u(18). What is the highest common divisor of 10 and l?
2
Suppose 5*p + 0 = -3*f + 25, f - 2*p - 23 = 0. Suppose -c + 444 = -3*a, -a = -137*c + 141*c - 1737. What is the greatest common divisor of f and c?
15
Suppose 0 = 4*d - 83 - 133. Let q be (d + -53)/(1/15). Let l(f) = -30*f. Let x be l(-4). What is the greatest common divisor of q and x?
15
Suppose -50*f + 11644 - 3064 = 5*f. Let c be (-5622)/(-27) + (-4)/18. Calculate the highest common factor of f and c.
52
Suppose -2*o - 2*r + 716 = r, -r = -6*o + 2188. What is the greatest common divisor of o and 700?
28
Let l = -12276 + 12308. Calculate the highest common factor of 9712 and l.
16
Suppose -323*c - 321*c + 238*c = -8120. What is the highest common factor of 490 and c?
10
Let v be (5 + 2)*-1 - 1. Let q be 760/14 + 1/(28/v). What is the highest common factor of q and 198?
18
Let f(c) = 23*c - 1. Suppose -72*i = -61*i - 77. Let a be f(i). Calculate the greatest common factor of a and 5.
5
Let p(v) = 28*v - 516. Let a be p(25). What is the greatest common factor of 1610 and a?
46
Let d be (-22)/6*6/(-2). Let q = -1223 - -1366. What is the highest common divisor of d and q?
11
Let x be (2/(-3))/((-522)/108 - -5)*-23. What is the greatest common factor of x and 2208?
92
Suppose i = -l + 3*l + 358, -5*i - 4*l = -1734. Let q(o) = 20*o + 482. Let s be q(-22). Calculate the highest common divisor of s and i.
14
Let a be (972/297)/(-12) - 910/(-110). Let l(f) be the first derivative of 5*f**3 + f**2 - f - 1. Let d be l(1). What is the greatest common divisor of d and a?
8
Suppose 3*t + 4*o + 29 = 6*t, -4*o + 76 = 4*t. Let s be ((-28)/(-12) - 2) + (-70)/(-6). What is the highest common divisor of s and t?
3
Suppose 5*u + 2*s - 20292 = 0, -21*s + 22*s + 4 = 0. Calculate the greatest common divisor of u and 435.
145
Let w(p) = p**3 - p - 1. Let r(j) = 6*j**3 + 14*j**2 - 10*j + 9. Let t(g) = r(g) - 5*w(g). Let c be t(-14). Calculate the highest common factor of c and 168.
84
Let f(r) = 414*r - 18 + 438*r - 810*r - 30. Let a be f(3). What is the greatest common factor of a and 156?
78
Let f(j) = -j**3 + 12*j**2 - 18*j + 2. Let r be f(10). Let c be -1*(0 - 31) + (26 - r). What is the highest common divisor of c and 15?
5
Suppose -58*f - 105 = -743. Let s(c) be the first derivative of c**2 + 20*c - 1. Let r be s(f). Calculate the highest common divisor of 336 and r.
42
Suppose -3*w - 142 = 2*v, 0 = -4*v - 5*w - 381 + 97. Let u = 136 + v. What is the highest common divisor of 65 and u?
65
Let a(b) = -b**2 + 2*b + 21. Let m be (-1880)/(-52) + 12/(-78). Let g = -36 + m. Let q be a(g). Calculate the highest common factor of 147 and q.
21
Suppose 0 = -4*d + i + 6727, 0*d + 4*i - 1652 = -d. Calculate the highest common divisor of 616 and d.
56
Suppose -3*c = d - 15, -2*c = -7*c - 5*d + 35. Suppose c*i - 1306 = -242. What is the highest common divisor of 42 and i?
14
Suppose 2*s + 214 = 2*k, 2*s - 4*s - 242 = 5*k. Let t be (40/(-12))/((-5)/54*3/10). Let m = t + s. Calculate the greatest common factor of 2 and m.
1
Suppose 68 = p + 23. Suppose -44 = -y + 2*a, -1 = -44*a + p*a. Calculate the greatest common divisor of 280 and y.
14
Let y(s) = s**3 - 5*s**2 + 90*s - 672. Let v be y(8). What is the greatest common factor of v and 345?
15
Suppose 0 = -42*y + 37*y + 2170. Suppose 0*x = -x + y. Calculate the greatest common factor of 14 and x.
14
Let g be 8*1*(-258)/(-24). Suppose -771 = -5*n - t + 308, -637 = -3*n + 2*t. Calculate the highest common divisor of g and n.
43
Let u(t) = -t**3 - 17 + 3*t**3 - 4*t**2 - 8*t + 4*t - t**3. Let i be u(7). Let q = 310 - i. Calculate the greatest common divisor of 26 and q.
26
Let h(i) = 52*i - 159. Let o = -219 - -225. Let b be h(o). Calculate the greatest common divisor of 102 and b.
51
Let v(g) = g**3 + 7*g**2 - 2*g - 4. Let w be v(-5). Let m = -159 + 185. Let l = m + -19. Calculate the highest common divisor of l and w.
7
Let i = 157 - 156. Let j be (-27)/33 + i - 1793/(-121). Calculate the greatest common factor of j and 300.
15
Let t be (-1)/8 + 20779/88 + 13. What is the greatest common factor of 24 and t?
3
Suppose -111*x + 57 = -110*x. Suppose -x*j = -52*j - 75. Calculate the greatest common divisor of 9 and j.
3
Let v be (-12355)/(-245) - (36/21)/4. Calculate the greatest common factor of v and 16650.
50
Suppose 30*v + 2772 = 18*v + 75*v. What is the highest common divisor of v and 1920?
4
Let l = 975 - 687. Suppose 1132*p + l = 1138*p. What is the highest common factor of p and 176?
16
Suppose -a + f = 1, 3*f - 15 = -a - 0*f. Suppose 2*t + 2*t + 5*y = 175, a*t - 2*y - 137 = 0. Calculate the highest common divisor of 30 and t.
15
Suppose 72*k - 103*k = -1581. Calculate the highest common factor of 2023 and k.
17
Suppose -366 + 536 = 5*q. Let l(y) = y**3 + 5*y**2 + 6*y + 2. Let h be -1*(-1)/2*(35 + -41). Let u be l(h). Calculate the greatest common factor of u and q.
2
Suppose 1265 + 8363 = 2*s. Calculate the highest common factor of s and 58.
58
Suppose -3*a + 13763 = a - 97585. What is the greatest common factor of 54 and a?
27
Let l be (12*7/(-70))/(8*12/(-4560)). Suppose 0 = -3*v - 230 + 1598. Calculate the greatest common divisor of v and l.
57
Let w be 305 - (0 + (-4 + -3 - 3))/(-2). What is the highest common divisor of w and 18?
6
Let n be ((-40)/(-12))/(20/96). Calculate the highest common divisor of n and 1072.
16
Let p = -120 - -477. Let s = 982 + -898. Calculate the highest common factor of s and p.
21
Suppose -15*x = 20*x + 3802 - 7652. What is the highest common factor of 15455 and x?
55
Let g(d) = -3*d**2 - 20*d + 7. Let t be g(-7). Suppose -v = 3*n - 144, t = -v - n + 165 - 17. What is the highest common factor of v and 6?
6
Let g = 32 + -25. Suppose -g - 5 = 6*l. Let m be l + 3/2 - (-55)/2. Calculate the highest common factor of 135 and m.
27
Let z = 2838 + -1136. What is the greatest common divisor of 259 and z?
37
Suppose -15*q - 15629 = -20039. What is the highest common divisor of q and 3612?
42
Let o(i) = 22*i. Let v be o(-5). Let c be (60/8)/((-15)/v). Suppose -6*b + b + 25 = 0. What is the greatest common factor of b and c?
5
Let p be ((-39773)/217 - -47)/((-2)/28*3). Calculate the greatest common divisor of 1696 and p.
212
Suppose 35*r + 48*r - 56*r = 464130. What is the highest common factor of r and 5?
5
Let s = -100 + 157. Suppose 0 = 701*y - 644*y - 2166. What is the greatest common divisor of s and y?
19
Let i be -2*(60/48)/((-10)/(-12)) + 56. Calculate the greatest common factor of i and 1.
1
Let x be -77 + (2 - 0) - 5. Let k be ((-19)/(152/x))/((-2)/6). Let f be (14/(-3))/((16/k)/4). Calculate the greatest common factor of f and 7.
7
Let k = -8930 + 9080. Calculate the highest common divisor of 1825 and k.
25
Suppose 79*o - 74*o = 3*j - 11, -2*o - 4*j + 6 = 0. Let u be (8 + -19 - -10) + o + 7. Calculate the greatest common factor of 55 and u.
5
Let v be 55428/84 + (0 - 1/(-7)). Calculate the greatest common factor of v and 120.
60
Suppose 162*w + 432 = 171*w. Calculate the highest common factor of w and 5616.
48
Suppose 4*y = 1619 + 957. Calculate the highest common divisor of y and 56.
28
Suppose 3*b + 2*f = -b + 1992, -3*b + 5*f = -1494. What is the highest common divisor of b and 4814?
166
Suppose 0 = o - 4*m + 45, -20*o + 17*o - 103 = 4*m. Let p be (2 - o)*276/36. What is the greatest common factor of p and 13?
13
Suppose 19 = 4*d - 5. Suppose -d*r - 2*y = -7*r + 54, y = 0. What is the greatest common divisor of r and 81?
27
Suppose -2552 = -9*j - 1454. What is the highest common factor of 1891 and j?
61
Let a be 1 + -2 - (-4 + 5). Let m(c) = -7*c**3 - 2*c**2 - 4*c - 5. Let z be m(a). Calculate the highest common divisor of z and 51.
51
Suppose 2*p + 174 = 2*n, -3*p = 3*n - 0*p - 261. Suppose 0 = -x + n - 17. Let h = 11 + 3. What is the highest common factor of x and h?
14
Let x = 17575 + -17461. Calculate the highest common divisor of 96 and x.
6
Suppose m + 6*y - 32 = 2*y, 5*y = m - 5